be (12/(-4) + -92)/(5/10). Let w = y - -192. Calculate the remainder when 7 is divided by w.
1
Calculate the remainder when (7467/655)/(6/860) is divided by 539.
17
Let t = -43 - -49. Let a(y) = -y**3 - 8*y**2 - 9*y - 2. Calculate the remainder when a(-8) is divided by t.
4
Let i be (-5)/(-6) + 4/24. Let h be (-2)/4*6 + (i - -2). Suppose -t = h, -3*x + 0*x + 5*t + 129 = 0. Calculate the remainder when x is divided by 11.
10
Let b = 7 - 0. What is the remainder when 21 - 18/(-234)*-117 is divided by b?
5
Let o(m) = m**2 + 3*m - 7. Let l(q) = q**3 - 10*q**2 + 10*q + 12. Let c be l(10). Suppose -6*r + c = r. What is the remainder when r is divided by o(-5)?
1
Suppose 614 + 2620 = 65*b - 1576. Suppose 0 = -0*i - 5*i + 130. What is the remainder when b is divided by i?
22
Suppose -q - 5*p = -3*p - 490, -3*p - 15 = 0. Suppose 7*a - 5*a = q. What is the remainder when 9/12 + a/8 is divided by 5?
2
Let j(u) = -15*u**2 + 236*u + 29. Suppose -l = -4*y + 74, -l + 2*l = -2. What is the remainder when j(15) is divided by y?
14
Suppose -d = -6*d - 703 + 1383. Calculate the remainder when 247 is divided by d.
111
Suppose h + 13*h - 182 = 0. Let g(u) = -u**3 + 12*u**2 + 17*u - 32. Let l(v) = 9*v - 7. Calculate the remainder when l(5) is divided by g(h).
18
Suppose -532 = -4*v - 4*h, 665 = 2*v + 3*v - 2*h. Let t = v + -116. What is the remainder when 56 is divided by t?
5
Let g be 330/99*18/15. Let r(c) = -5*c**3 + 2*c**2 + 2*c + 1. What is the remainder when (-8 + 6)*(-58)/g is divided by r(-1)?
5
Let r = 7793 - 7762. Let h(s) = 58*s**2 - s. Calculate the remainder when h(-1) is divided by r.
28
Suppose -5*o + 645 = 5*d, -78*o = -73*o + 4*d - 649. Calculate the remainder when o is divided by 68.
65
Let d(w) = -w**3 + 36*w**2 - 32*w - 102. Let n be d(35). Suppose n*i - z - 215 = 0, -3*i + 35 + 190 = -3*z. What is the remainder when i is divided by 22?
4
Let r be ((-135)/(-18))/((-2)/(-4)). Suppose -j = -52 - r. Let c = 46 + -29. What is the remainder when j is divided by c?
16
Let j(y) = 26*y**3 - 4*y**2 + 50*y - 48. Calculate the remainder when 1763 is divided by j(4).
11
Let k = 4295 - -5197. Calculate the remainder when k is divided by 202.
200
What is the remainder when 568 is divided by (-25499)/(-215) + (-6)/(-15)?
92
Let r = 335 - 335. Suppose r = 3*y - 75 - 39. Calculate the remainder when 65 is divided by y.
27
Let l = -6 - -15. Let u(v) = 8*v**3 - 5*v**2 - v + 127. What is the remainder when u(3) is divided by l?
7
Let d(h) = -10 - 39*h**2 + 81*h**2 - 15*h - 41*h**2. Let a be d(17). Suppose -77 - a = -f. What is the remainder when f is divided by 35?
31
Let v = 22515 + -19631. Calculate the remainder when v is divided by 78.
76
Let k = 26630 + -24470. What is the remainder when k is divided by 103?
100
Suppose -5*r - 2682 = -2762. Let s(d) = -2*d. Let q be s(0). Suppose 4*z - 20 = q, -t + 5*z - 3 = -121. Calculate the remainder when t is divided by r.
15
Let a be 70/5*(0 - (2 + -1)). Let j = a + 19. Calculate the remainder when 16 is divided by j.
1
What is the remainder when (-88)/3*(0 + (-30)/8) is divided by 40?
30
Suppose 86*o - 72*o = 630. Suppose -19 = -4*u + o. Calculate the remainder when u is divided by 13.
3
Let n = 20695 + -20683. What is the remainder when 1081 is divided by n?
1
Let h(c) = -14*c + 935. What is the remainder when h(53) is divided by 4?
1
Let n(o) = 44*o - 2153. Calculate the remainder when 194 is divided by n(50).
6
Let p = -6 + 13. Let u(q) = q**2 - q - 4. Suppose 752*d + 46*d - 14938 - 1022 = 0. Calculate the remainder when u(p) is divided by d.
18
Suppose 2*l + 0 = 8. Calculate the remainder when (-29 - -14) + 10 - (-76)/2 is divided by l/6 + (-208)/(-12).
15
Let g(o) = o**2 - 2*o - 17. Suppose -3*b - 3*u + 60 = 0, u = -5*b + 74 + 10. Calculate the remainder when g(-5) is divided by b.
2
Let l(g) = -g**3 - 15*g**2 - 12*g + 40. Let n be l(-14). Calculate the remainder when 0 + n/2 + 53 is divided by ((-4)/(-5))/(2/55).
15
Suppose 5*i + 3*z = 2695 + 864, 2*i = 5*z + 1467. What is the remainder when i is divided by 54?
14
Suppose 4*x - 160 = -4*i, -199 = i - 6*i - 4*x. Let y = 33 - i. Let u(q) = -q**2 - 9*q - 10. Calculate the remainder when 10 is divided by u(y).
2
Suppose -326 = -25*j + 2724. What is the remainder when j is divided by 7/(7/29) - (1 + 1)?
14
Suppose 8 = -2*c, -4*j = 3*c - 2287 - 1461. What is the remainder when 2827 is divided by j?
7
Let r = -17 + 33. Suppose -73*f = -77*f + 444. What is the remainder when f is divided by r?
15
Suppose 10*q = 1847 + 313. Suppose q = 13*f - 239. What is the remainder when f is divided by 1?
0
Calculate the remainder when 171 is divided by (-2)/7 + (-163)/(-7) + -4.
0
Suppose 2*i - 4 = -2*i. What is the remainder when i*-4*(-9)/2 is divided by ((156/48)/13)/(3/252*3)?
4
Let j(g) = -g**2 + 2*g - 41. Suppose 96*c - 91*c - 85 = 0. Let d be j(c). Let u = -124 - d. What is the remainder when u is divided by 58?
56
Suppose -4*n + 852 = 3*n - 4370. Calculate the remainder when n is divided by 192.
170
Let y = 18 - 14. Let q(f) = f**3 - 3*f**2 + 7. Let s be q(y). Suppose -31 = -2*l - a, 4*a + s = l + 3. Calculate the remainder when 30 is divided by l.
14
Suppose 0 = 10*k - 1776 - 884. Calculate the remainder when 280 is divided by k.
14
Let v = -41 - -85. Calculate the remainder when ((-1536)/(-1408))/(1136/(-572) + 2) is divided by v.
34
Suppose -103 = -n + 3*d, 3*d = -n + 144 - 113. Suppose a = c + 49, 0 = -3*c + c. Calculate the remainder when n is divided by a.
18
Let u(r) = -r**2 - 69*r + 2296. Suppose 9*o + 22 = 11*o. Calculate the remainder when u(-90) is divided by o.
10
Let f(h) = 34*h - 1917. Calculate the remainder when 353 is divided by f(57).
17
Let d = 363 - 516. Let a = d - -328. Calculate the remainder when a is divided by 11.
10
Let s = -36 + 40. Suppose -s*f + 10 = 3*g, -4*g - 2*f = -6*g + 2. Suppose -4*i = 2*w - 74, g*w + 3 = w. What is the remainder when 36 is divided by i?
16
Suppose 222*h - 434*h = -230*h + 5616. Calculate the remainder when h is divided by 59.
17
Let h be -4*(2 + -1)*-1. Let t be ((-28)/(-6))/(196/882*6/(-4)). What is the remainder when 166 is divided by (357/t)/((-6)/h)?
13
Suppose -18540 = 567*b - 278*b - 334*b. Calculate the remainder when 2103 is divided by b.
43
Let h = -15 - -47. Suppose 17*a + 77 = 10*a. Calculate the remainder when h is divided by 1 - a/((-55)/(-90)).
13
Let l(u) = 108*u - 3. Suppose -5*z + 8 = 3*s, 4 = 2*z + 10*s - 8*s. Let g be l(z). Suppose -2*i - 3*i + g = 0. Calculate the remainder when i is divided by 16.
5
Let k = 83 + -69. What is the remainder when ((-2)/(-4))/(k/224) is divided by 4?
0
Suppose 43*a = -27*a + 1260. Let s = -86 - -155. Calculate the remainder when s is divided by a.
15
Suppose -21*b + 17*b = 2*s - 2292, -2870 = -5*b - 5*s. Let h = 610 - b. Calculate the remainder when 147 is divided by h.
33
Suppose 2*h - 22 = -4*v, 5*v + 0*v - 3*h - 33 = 0. Let j be (-5)/(40/364) - (-3)/v. Calculate the remainder when 20 is divided by -7*30/j*(-3)/(-2).
6
Let v = -1116 - -1121. Suppose l = -2*f + 9, 0*l = l - 2*f + 11. Calculate the remainder when ((-120)/l)/v - -3 is divided by 6.
3
Suppose -11*g = -7*g - 20. Suppose 0 = -3*h - 9, 5*j - 9 = g*h + 11. Suppose d - 5 = 3*o, d - 2*o - 4 = j. Calculate the remainder when d is divided by 2.
1
Let r(h) = h**3 - 5*h**2 + 11*h + 6. Let k(d) = d**3 + 11*d**2 - 14*d - 20. Let x be k(-12). Calculate the remainder when r(x) is divided by 12.
10
Suppose 5*k + 23*k = 252. Let p be 498/21 - (-12)/42. Suppose 0 = 6*w - p - 12. Calculate the remainder when k is divided by w.
3
What is the remainder when ((-6 + 16 - -8)/6)/((-3)/(-299)) is divided by 46?
23
Suppose 5*j - 18796 = -2*p, -4*j + 0 = -0. Calculate the remainder when p is divided by 32.
22
Suppose 11*r = 66 - 110. What is the remainder when 51 is divided by 4/((-80)/(-255)) + (-5)/r?
9
Let n = 1212 + -1202. Calculate the remainder when 186 is divided by n.
6
Let s(m) = m**3 - 5*m**2 + 2*m - 5. Let u be s(6). Suppose -u = -8*r + 677. Calculate the remainder when r is divided by 50.
40
Suppose -37*t + 31 + 43 = 0. Calculate the remainder when (-54800)/(-450) - t/(-9) is divided by 39.
5
Let c(f) = -2*f + 17. Suppose -4*h = -6*h + 2*t + 12, -5*h = 4*t - 12. Let o be c(h). Suppose o*j = 438 + 48. Calculate the re